e highest common factor of 370 and 17885.
5
What is the highest common divisor of 66 and 36212?
22
What is the greatest common divisor of 1164 and 480?
12
What is the highest common factor of 86524 and 97?
97
Calculate the greatest common divisor of 200 and 13750.
50
Calculate the highest common divisor of 390339 and 427.
61
What is the greatest common factor of 71953 and 28?
7
Calculate the greatest common factor of 2130 and 815151.
213
What is the highest common divisor of 287 and 41279?
7
Calculate the highest common factor of 7491 and 16962.
33
What is the highest common factor of 125856 and 782?
46
Calculate the highest common factor of 569909 and 53.
53
Calculate the highest common divisor of 409603 and 7059.
181
Calculate the highest common divisor of 927056 and 96.
16
Calculate the greatest common divisor of 1992 and 168.
24
Calculate the highest common divisor of 55641 and 663.
51
What is the highest common factor of 186 and 381?
3
Calculate the highest common factor of 4008 and 888.
24
Calculate the greatest common divisor of 26 and 49491.
13
What is the greatest common divisor of 47465 and 18865?
55
What is the highest common factor of 49175 and 490?
35
Calculate the highest common factor of 1820 and 3780.
140
Calculate the highest common divisor of 23696 and 72.
8
Calculate the highest common factor of 124212 and 33.
33
What is the greatest common factor of 575 and 28543?
23
What is the highest common divisor of 2753 and 13?
1
What is the highest common factor of 78 and 966654?
78
Calculate the highest common factor of 27 and 68823.
27
What is the greatest common factor of 15570 and 35280?
90
Calculate the highest common divisor of 220 and 26015.
55
What is the highest common factor of 388 and 315929?
97
Calculate the greatest common divisor of 5642 and 15730.
26
Calculate the greatest common divisor of 394344 and 9.
9
Calculate the highest common divisor of 81 and 118476.
27
What is the highest common factor of 9768 and 44992?
296
What is the greatest common factor of 624 and 13631280?
624
Calculate the greatest common divisor of 1430 and 1550.
10
Calculate the highest common divisor of 105308 and 56.
28
What is the greatest common factor of 319576 and 688?
344
Calculate the greatest common divisor of 40 and 26450.
10
Calculate the highest common divisor of 243941 and 74.
37
Calculate the highest common factor of 144281 and 1561.
223
What is the greatest common divisor of 102606 and 168?
42
What is the highest common factor of 537 and 2119539?
537
What is the highest common divisor of 16868 and 8?
4
What is the highest common factor of 2431 and 6732?
187
Calculate the highest common divisor of 24925 and 75.
25
What is the highest common divisor of 79724 and 76?
76
Calculate the greatest common factor of 4455 and 17415.
405
What is the greatest common factor of 1240 and 5520?
40
What is the highest common factor of 1501 and 2291?
79
What is the highest common divisor of 3344522 and 46?
46
Calculate the greatest common factor of 317837 and 598.
299
Calculate the highest common factor of 52 and 323024.
52
What is the greatest common divisor of 3729 and 114279?
33
What is the highest common divisor of 12815 and 8305?
55
Calculate the greatest common factor of 306 and 171.
9
Calculate the highest common factor of 447750 and 30.
30
Calculate the highest common divisor of 2420 and 12960.
20
Calculate the greatest common divisor of 301 and 29533.
7
Calculate the highest common factor of 21367 and 23.
23
What is the greatest common factor of 24 and 64716?
12
What is the highest common divisor of 15949 and 7391?
389
Calculate the highest common divisor of 10095 and 30.
15
What is the highest common factor of 96265 and 130?
65
What is the greatest common factor of 57 and 3819?
57
Calculate the highest common factor of 42482 and 198.
22
What is the highest common divisor of 1152 and 912000?
384
What is the greatest common factor of 9225 and 3600?
225
Calculate the greatest common factor of 9960 and 6308.
332
Calculate the greatest common divisor of 83468 and 271.
271
Calculate the highest common factor of 285885 and 135.
45
What is the greatest common divisor of 9480 and 25359?
237
Calculate the highest common divisor of 66 and 93962.
22
Calculate the highest common divisor of 31 and 140647.
31
Calculate the greatest common divisor of 44685 and 60.
15
Calculate the greatest common divisor of 1395120 and 40.
40
What is the highest common divisor of 40506 and 1161?
129
What is the highest common divisor of 500 and 14380?
20
What is the greatest common factor of 240 and 197310?
30
Calculate the greatest common divisor of 39695 and 5015.
85
What is the highest common divisor of 1206 and 36783?
603
What is the highest common divisor of 340 and 251740?
20
What is the greatest common divisor of 64 and 57760?
32
Calculate the highest common factor of 22763 and 412.
103
Calculate the highest common divisor of 4968 and 55512.
216
What is the greatest common factor of 12120 and 61610?
1010
Calculate the greatest common divisor of 259160 and 40.
40
What is the highest common divisor of 53 and 348846?
53
Calculate the greatest common divisor of 32 and 1816.
8
Calculate the greatest common factor of 2758 and 1022.
14
What is the highest common divisor of 1628 and 112?
4
What is the greatest common factor of 5336 and 184?
184
What is the greatest common divisor of 62964 and 88?
44
What is the greatest common divisor of 5092 and 38912?
76
What is the greatest common factor of 33 and 18510?
3
Calculate the greatest common factor of 3864 and 58191.
21
What is the highest common factor of 22 and 48708?
22
What is the greatest common divisor of 169 and 27586?
13
Calculate the greatest common factor of 113098 and 1465.
293
What is the highest common factor of 184 and 104006?
46
What is the greatest common factor of 108 and 14769?
27
What is the greatest common divisor of 8483 and 408?
17
What is the highest common divisor of 196880 and 15?
5
What is the greatest common factor of 8608 and 1280?
32
Calculate the highest common factor of 1008 and 18636.
12
What is the greatest common factor of 1357325 and 250?
25
Calculate the highest common divisor of 14060 and 5852.
76
Calculate the highest common factor of 84512 and 695.
139
Calculate the greatest common divisor of 287 and 95284.
287
What is the greatest common divisor of 25768 and 296?
8
Calculate the greatest common factor of 3256 and 22.
22
What is the greatest common factor of 24 and 80904?
24
What is the greatest common divisor of 590 and 10779595?
295
Calculate the greatest common divisor of 14559 and 1688.
211
What is the greatest common divisor of 1836 and 1157139?
459
Calculate the highest common factor of 183952 and 384.
16
Calculate the greatest common factor of 630886 and 3812.
1906
What is the greatest common divisor of 4350 and 1566?
174
What is the highest common factor of 969529 and 5247?
583
Calculate the greatest common factor of 3289 and 234.
13
What is the highest common divisor of 16128 and 9?
9
What is the greatest common factor of 19136 and 12052?
92
What is the greatest common divisor of 684 and 198036?
36
What is the highest common divisor of 1921 and 106672?
113
Calculate the greatest common divisor of 408 and 73176.
24
What is the greatest common factor of 454640 and 160?
80
Calculate the highest common divisor of 2623 and 1769.
61
Calculate the greatest common divisor of 3 and 205191.
3
Calculate the greatest common divisor of 1056 and 130848.
96
Calculate the highest common divisor of 2924 and 5678.
34
What is the greatest common divisor of 343 and 14308?
49
Calculate the highest common factor of 14 and 370286.
14
What is the highest common divisor of 256869 and 12?
3
Calculate the highest common factor of 67388 and 272.
68
Calculate the highest common divisor of 77793 and 171.
3
Calculate the greatest common divisor of 549 and 26169.
183
What is the greatest common factor of 1640 and 52?
4
Calculate the greatest common divisor of 617397 and 143.
11
Calculate the greatest common factor of 702 and 728.
26
Calculate the highest common divisor of 9435 and 447.
3
Calculate the highest common factor of 6200 and 562960.
1240
What is the greatest common factor of 3734937 and 81?
27
Calc